Suppose 0*b + 2*b = 136. Suppose 4*t - 2*x - b = -3*x, 2*x = 0. Suppose 10*u - 5*u + 5 = 0, 5*k - 2*u = 32. What is the remainder when t is divided by k?
5
Suppose -f + 118 - 19 = q, -2*q = 3*f - 201. Calculate the remainder when q is divided by 25.
21
Suppose 2*t - 383 = -0*t + 5*s, 0 = -4*t - 3*s + 831. Suppose 4*i - i + 204 = 4*z, t = 4*z - 4*i. What is the remainder when z is divided by 13?
12
Let a be 10/3*(-6)/(-5). Suppose o = -2*v - 0 + a, o + v = 4. Suppose 0 = -5*l - 14 + o, -5*w + 101 = -3*l. What is the remainder when 36 is divided by w?
17
Let f be 8*(-6)/((-6)/(-2)). Suppose -4*j + 112 = -3*h, 0*j + 2*h + 54 = 2*j. Let o = f + j. What is the remainder when o is divided by 8?
7
Let u(q) = -q**3 + 6*q**2 - 2*q - 5. Suppose -30 + 85 = m. What is the remainder when m is divided by u(4)?
17
What is the remainder when 170 is divided by 174/9 - (2/3)/2?
18
Let c = 93 - 1. Calculate the remainder when c is divided by 48.
44
Let q(s) = -s**2 + 4*s + 3. Let j be q(4). Suppose 2*y - j*y + 10 = 0. Calculate the remainder when 37 is divided by y.
7
Let o(y) = -2*y**2 - 42*y + 25. What is the remainder when 62 is divided by o(-21)?
12
What is the remainder when 124 is divided by 190/6 - 1/(-3)?
28
Suppose -3*m + 19 = -2*p, -3*m + 0*m + 4*p = -23. Let b be (1 + 11)*2 - 0. Suppose b = 2*h + h. Calculate the remainder when h is divided by m.
3
Let y(o) = -o**2 - o. Let m(j) = -j**3 + 5*j**2 + 8*j - 3. Let g(x) = m(x) + 5*y(x). Calculate the remainder when 43 is divided by g(-3).
13
Let x = -22 - -65. Let k(j) = j + 9. Calculate the remainder when x is divided by k(14).
20
Suppose -4*j - 154 + 30 = 0. Let g = 46 - j. Calculate the remainder when g is divided by 26.
25
Let t(s) = 6*s + 31. Calculate the remainder when t(13) is divided by 56.
53
Calculate the remainder when 71 is divided by (9/(-6))/(2/(-20)).
11
What is the remainder when (-1)/8*6*-24 is divided by 11?
7
Let x(o) = 10*o**2. Suppose q + q = 2. Let z = 52 - 24. What is the remainder when z is divided by x(q)?
8
Let s(w) = w**2 - 4*w + 1. Let j(n) be the first derivative of -n**3/3 + 13*n**2/2 - 5*n + 2. Calculate the remainder when s(6) is divided by j(12).
6
Suppose -4*u + 5 + 15 = 0, 132 = 4*f - 4*u. What is the remainder when 150 is divided by f?
36
Let f be (-2 + (-48)/(-20))*-5. What is the remainder when 45 is divided by 46/4 + f/(-4)?
9
Let s = -12 + 38. What is the remainder when 101 is divided by s?
23
Let d = -35 + 65. Let v = -12 + d. What is the remainder when v is divided by (5/3)/(2/6)?
3
Suppose -28 = -2*r - 2*r. Suppose 0 = -4*z + 2*z + 40. Calculate the remainder when z is divided by r.
6
Suppose -6 = 2*l, -4 = -2*t + 4*l + 26. What is the remainder when (35 - 1/1)*(1 - 0) is divided by t?
7
Let s(i) = -3*i**2 - 3*i - i**2 - 2*i**3 - 4 + 3*i. Calculate the remainder when 25 is divided by s(-3).
11
Suppose 5*d = 6*d - 27. Let h = -15 + d. Calculate the remainder when 46 is divided by h.
10
Suppose r - 2*r + 6 = 0. Calculate the remainder when 21 is divided by r.
3
Let t(y) = -14 - 2 - 5*y**2 + 6*y**2. Let u be t(0). What is the remainder when (-2)/(-5) + u/(-10) is divided by 2?
0
Let x(c) = -c**3 + 6*c**2 + 4*c + 3. Suppose 5*z = 3*t - 78 + 28, 5*z = 2*t - 25. Calculate the remainder when x(5) is divided by t.
23
Suppose 0 = -38*n + 35*n + 33. What is the remainder when 53 is divided by n?
9
Let x(v) = 2*v**2 + v + 5. Let b be x(4). Let s = b + -19. Calculate the remainder when 41 is divided by s.
19
Let d(r) = -r**3 + 2*r**2 + 3*r - 1. Calculate the remainder when 7 is divided by d(2).
2
Let o = 62 + -8. Suppose -3 + 17 = m. Calculate the remainder when o is divided by m.
12
Suppose 0 = 2*s + 8, 3*x - x - 5*s = -26. Let q = 87 + -42. Let g = x + q. Calculate the remainder when g is divided by 8.
6
Let i be 1*2 + 0/3. Suppose -73 + 21 = -i*c. Calculate the remainder when c is divided by 14.
12
Suppose 4*a - 50 = -o - 3, -4*a = -4*o - 52. What is the remainder when a is divided by 9?
3
Let f = 73 - 44. Calculate the remainder when f is divided by 16.
13
Suppose 10 = 2*n - 5*i, n = 4*i + 7 - 2. Let q(l) = -3 - 2 + 0 + 4*l**2 + 1 + 7*l - l**3. Calculate the remainder when q(n) is divided by 4.
2
Suppose k - 72 = -k. Suppose -18 = -2*f + 4*p, 0 = f + 5*p + 8 - 31. Calculate the remainder when k is divided by f.
10
Let c = 36 - 18. Suppose -4*k = -81 - 59. Calculate the remainder when k is divided by c.
17
Let v = 25 + -21. Let c = v - -1. Calculate the remainder when c is divided by 3.
2
Calculate the remainder when 2556/24 - (5/2 - 2) is divided by 18.
16
Suppose 11 + 61 = 3*t. Let m = -18 + t. What is the remainder when 16 is divided by m?
4
Suppose 8*a - 70 - 178 = 0. Let c(m) = 7*m**2 - 15*m + 1. Let q(y) = y**2 - y - 1. Let j(s) = -c(s) + 6*q(s). What is the remainder when a is divided by j(6)?
9
Suppose -d - d - 7 = -3*w, 11 = 5*w - 4*d. Suppose -5*x = -w*x - 42. Calculate the remainder when 61 is divided by x.
19
Suppose -a = 4*u, 8*u - 3*u + 5*a + 15 = 0. Let j = -83 - -98. Calculate the remainder when j is divided by -2 - (0 + u)*-10.
7
Let r(n) = 2*n + 148. What is the remainder when r(0) is divided by 38?
34
Suppose 0 = -18*r + 13*r + 80. Calculate the remainder when 78 is divided by r.
14
Let i = -5 - -7. Let u(s) = s**2 - 7*s + 2. Calculate the remainder when 5/((-2)/(-4)*i) is divided by u(7).
1
Suppose -3*b + 1 = -2*b. Let a be 1 + (1*-2 - -5). Suppose 2*c = a*c - 4. Calculate the remainder when c is divided by b.
0
Suppose 4*f - 4*v + 7 = 47, f - 6 = 3*v. What is the remainder when 35 is divided by f?
11
Let p(v) = -v + 3. Let k be p(6). What is the remainder when (0 - -1)/(k/(-21)) is divided by 24/(-15)*(180/8)/(-9)?
3
Let a = 23 + 2. Calculate the remainder when 72 is divided by a.
22
Suppose 0 = 2*m - 5*s - 113, 5 - 2 = -s. Calculate the remainder when m is divided by 17.
15
Suppose 0 = 2*p + r - 2, -2*p + 27 = 3*p - 3*r. Suppose 84 = 2*u + 5*u. What is the remainder when 108/p + (0 - 1) is divided by u?
11
Let a(n) = -n**3 + 13*n**2 + 13*n + 19. Let d be a(14). What is the remainder when -1 + 17 - (d + -3) is divided by (0 + 10/2)/1?
4
Suppose -6*z + 18 = -4*z. Suppose 0 = p - 0*p - 5*g + 46, -46 = p + g. Let c = -12 - p. What is the remainder when c is divided by z?
7
Calculate the remainder when (2 + 192/21)*7 is divided by 27.
24
Let n = 3 + 3. What is the remainder when n is divided by 0 + (-1)/(-1) + -53 + 56?
2
Suppose -9*x + 270 = -4*x. Suppose -4*c - y + 81 = -2*y, -58 = -2*c + 4*y. Calculate the remainder when x is divided by c.
16
Let x(j) = -18*j**3 - j**2 + 1. Let n be x(1). Let s = 30 + n. Calculate the remainder when 23 is divided by s.
11
What is the remainder when 118 is divided by (9/(-6))/((-6)/4)*12?
10
Suppose 0 = -4*r + 5*u + 372, 0 = 6*r - 7*r + u + 92. Calculate the remainder when r is divided by 6.
4
Suppose 4*u + 2*b = 756, u - 194 = 2*b - 10. Calculate the remainder when u is divided by 32.
28
Let v = -85 - -121. What is the remainder when 71 is divided by v?
35
Let w be -7 - ((-1 - -3) + -3). Let y(q) = q**2 + 7*q + 9. Let h be y(w). Suppose -h*i + i + 82 = 0. What is the remainder when i is divided by 14?
13
Let y = 15 - -5. Suppose 0 = -p - p + y. Calculate the remainder when p is divided by -1 - (1 + -2*3).
2
Suppose -16*r + 28 = -14*r. What is the remainder when 54 is divided by r?
12
Suppose -2*w - w + 4*o = -6, 3*w - 6 = -2*o. Suppose -5*p = r + 11, 4*p = 7*r - 2*r - 32. Calculate the remainder when r is divided by w.
0
Let s be 2/(-8) + (-31)/4. Calculate the remainder when 3/6 - 292/s is divided by 10.
7
Let y(z) be the third derivative of z**6/120 - z**5/12 - 5*z**4/24 + 5*z**3/6 + 6*z**2. Calculate the remainder when y(6) is divided by 3.
2
Let d(k) = -4*k + 3. Let f be d(-4). Let m(r) = -f*r + 2*r + 2 + r. Calculate the remainder when m(-3) is divided by 17.
16
Let i(t) = t**3 + 6*t**2 - t - 6. Let y be i(-6). Suppose y*r - 15 = -r. What is the remainder when 58 is divided by r?
13
Let j = 263 - 174. What is the remainder when j is divided by 13?
11
Suppose -2*f = 9*f - 55. What is the remainder when 8 is divided by f?
3
Let q(m) = 2*m**2 - 4*m + 2. Let u be q(6). Suppose h + 4*h - u = 0. Suppose -2*d - n + 4 = -8, 5*d - 30 = -2*n. Calculate the remainder when h is divided by d.
4
Let x = -15 - -26. Let n(o)